se 260 = 4*w + 4*u, 3*u = -w - 10 + 71. Suppose -2*x + 5*m = 3*x + 135, 3*x + 73 = m. Let d = w + x. Is d a multiple of 11?
True
Suppose 6*x + 88 = 9*x - v, 4*x - 3*v - 119 = 0. Does 11 divide x?
False
Suppose -l = -4*l - 75. Let z be 2/(-10) + (-455)/l. Is 112/10*45/z a multiple of 12?
False
Let o(a) = -100*a + 1. Let k be o(1). Let m = 111 + k. Is m a multiple of 12?
True
Let q be (1*(2 - 2))/1*1. Let l(h) = 3*h + 42. Is l(q) a multiple of 14?
True
Suppose h + 4*h - 2*t - 110 = 0, 0 = 4*h - 5*t - 71. Let o = h + -9. Is 5 a factor of o?
True
Is 26523/(-378)*-3*2 a multiple of 11?
False
Let c(p) = -p**2 + 24*p + 16. Is c(18) a multiple of 6?
False
Suppose 5*k = -0*b - 4*b - 57, 2*b = 3*k - 1. Let r be (-19)/((-18)/b + -2). Let t = r + 118. Is 9 a factor of t?
False
Suppose -n + 3*n + 2 = 0. Let r be n/(10/(-4) + 3). Does 9 divide (-1)/(r/68) + 0?
False
Suppose 2*t + 10 = -8. Let l = t - -12. Suppose 18 = f - 2*u, -l*u = -f - 7*u - 6. Is f a multiple of 3?
False
Let u(j) = -10 - 6*j - 3*j - 7 + 2. Does 12 divide u(-15)?
True
Let x be (-37 + -1)*(-4)/(-4). Let j = x - -138. Is 24 a factor of j?
False
Let f(l) = -31*l - 100. Is 4 a factor of f(-8)?
True
Let g(z) = 6*z**2 + 11*z - 44. Let b be g(5). Suppose 3*u = -5*c + 138, -c + b = 4*u - 2*c. Is u a multiple of 37?
False
Let h be 46 + 2/5*5. Let l = h + -32. Is 16 a factor of l?
True
Suppose -203 = -3*t + 2*g, -5*t + 0*g = -5*g - 345. Does 65 divide t?
True
Suppose 3*c - 74 = 3*b + 31, -4*c = 5*b + 148. Is 36 a factor of -162*(b/12)/8?
False
Let d be (-411)/(-27) - (-4)/(-18). Suppose -7*f - d = -2*f. Let l(v) = -v**3 - 3*v - 3. Is l(f) a multiple of 11?
True
Let t = -176 - -65. Does 37 divide (-5)/((-15)/t)*-3?
True
Let j(i) = 2*i**3 - 6*i**2 + i + 3. Let w be j(4). Suppose 2*g + 4*z = 3*g - w, -z = 3. Is g a multiple of 9?
True
Let t = -107 - -3458. Does 63 divide t?
False
Suppose -1998 - 546 = -2*v. Is 24 a factor of v?
True
Suppose 504*l - 2782 = 502*l. Is 100 a factor of l?
False
Is 9 a factor of 142/6 - (418/33 - 11)?
False
Suppose -5*g = -8*g - p + 313, -4*p - 412 = -4*g. Is g a multiple of 13?
True
Let z = 4028 - 2183. Is z a multiple of 75?
False
Let u be 160/6 - 4/6. Let v = u - 11. Does 6 divide v?
False
Suppose 3*t - 3724 = -11*t. Is 14 a factor of t?
True
Let h(o) = o**2 - 10*o + 2. Suppose -41*b = -39*b - 26. Does 18 divide h(b)?
False
Let y = 353 + -228. Is 4 a factor of y?
False
Let m = -65 - -68. Suppose -d - 3 = -2*d, -m*b = -4*d - 429. Does 21 divide b?
True
Let b(o) = 2*o**2 + 8*o - 7. Let l(v) = -9*v**2 - 2*v - 1. Suppose j + 5 = 6*j - 2*i, 3*i + 10 = 5*j. Let a be l(j). Does 19 divide b(a)?
True
Let j = 2092 - 1423. Does 78 divide j?
False
Let u(r) = -r**3 - 3*r**2 + r + 6. Let y be u(-2). Suppose -o + 5*i + 15 = -6*o, y = -o + 2*i - 9. Let x = o + 17. Does 5 divide x?
False
Let f(s) = -s**3 + 11*s**2 + 26*s + 36. Is f(9) a multiple of 12?
True
Is 41 a factor of 108*(5 + 5 + -4)?
False
Let n(d) = d**3 + 18*d**2 - d - 12. Let h be n(-18). Does 14 divide 3 + (-55)/15 + 424/h?
True
Let r be -2*1 - 2352/(-8). Let l = r - 175. Is 38 a factor of l?
False
Let f(i) = i**2 + 3*i + 5. Let x be f(4). Let u = 33 - x. Suppose 96 = 3*r - u*r. Does 16 divide r?
True
Suppose 215*q + 3*c = 210*q + 1621, -2*q + 656 = 5*c. Is q a multiple of 7?
False
Let s(j) = -j**3 - 14*j**2 - 14*j - 11. Let c be s(-13). Suppose 0 = c*o + x - 47, o - 2*x + 6*x = 20. Is o a multiple of 24?
True
Suppose 0*g = -3*g + 864. Is 9 a factor of g?
True
Let j(n) = -6*n**3 + 8*n**3 + 9*n**2 + 13*n - 3*n**3 + 0*n**3 - 22. Let x be j(10). Suppose d = -3*d - 5*s + 68, -2*s = x. Is 11 a factor of d?
True
Let r be 10/(-2)*(-78)/(-15). Let j = -44 - r. Let s = j + 30. Is s a multiple of 3?
True
Let c(i) = i**3 + i**2 - i + 32. Let l be 0/(0 - 4 - -5). Does 7 divide c(l)?
False
Let i be (-28 + 9)*(-2)/(-2). Let n = i + 41. Is n a multiple of 11?
True
Let p be ((-590)/(-5))/(-1 - 14/(-10)). Suppose 0 = -7*o - 50 + p. Is 7 a factor of o?
True
Let g = -358 + 457. Is 99 a factor of g?
True
Suppose -7*z - 114 = -590. Suppose 3*i - f + 8 = 51, 5*i + 2*f = z. Is 9 a factor of i?
False
Suppose 4*f + 5*l = -11 + 33, 22 = 2*f - 3*l. Let r(d) = 3*d - 18. Is r(f) a multiple of 5?
False
Suppose -3*r - 4*x + 717 = -1395, 3*x = 0. Suppose -4*o + r = 4*o. Is o a multiple of 11?
True
Does 3 divide 3 - ((-1358)/8 + 6/(-24))?
False
Let z(v) = -v**3 + v**2 - v + 1. Let g(q) = -q**3 + 6*q**2 - 7*q - 4. Let b be g(4). Let r be z(b). Is (-2178)/(-27) + r/3 a multiple of 27?
True
Suppose -1452 = -4*c + 400. Is c a multiple of 17?
False
Suppose -2*k + 1059 = 103. Does 20 divide k?
False
Let c(f) = 20*f. Let k(i) = -i**3 + 7*i**2 - 4*i + 9. Let x be k(7). Let o = x + 20. Is c(o) a multiple of 10?
True
Suppose 7*m - 3 = 6*m. Let k be (-4)/m*36/(-24). Suppose -4*s + 17 = 5*o - 48, -4*s - k*o = -74. Is s a multiple of 10?
True
Suppose 2*d + 3*d = u - 740, -3*d + 3812 = 5*u. Suppose 0 = -10*b + 18*b - u. Is b a multiple of 13?
False
Let z = 101 + 424. Is z a multiple of 15?
True
Suppose -2 = -k - 0. Let m = k - -123. Does 25 divide m?
True
Suppose -2*a = u - 202, 437 = 2*u - 4*a + 49. Suppose -9*r + 432 = -u. Is 8 a factor of r?
False
Let j(y) = 290*y + 23. Does 19 divide j(3)?
True
Suppose 0 = 10*f - 4*f + 192. Is (44/(-6))/((f/6)/8) a multiple of 11?
True
Suppose 4*i = -176 + 828. Does 16 divide i?
False
Let a = 7 + -1. Let l = -38 - -35. Is 6*(l + 45/a) a multiple of 8?
False
Suppose 693 = -0*w + 11*w. Is w/7*(-2)/(-2) a multiple of 3?
True
Suppose 4*v + 5*l + 59 = 2127, -3*v + 3*l + 1551 = 0. Is 19 a factor of v?
False
Suppose -59*c + 20 = -54*c. Is 18 a factor of 0/3 + c + -2 + 142?
True
Let g = -21 - -45. Suppose -g*u = -19*u - 150. Is 30 a factor of u?
True
Let b be 27/(-18)*(-118)/3. Let u = b - -6. Suppose -u = -4*m + 19. Is m a multiple of 7?
True
Let y = -19 - -21. Suppose o = 2*v + 4*o - 6, 2*v - 6 = y*o. Suppose -44 = h - v*h + m, 4*m + 16 = 0. Is h a multiple of 10?
True
Does 28 divide 18/27 + (-3575)/(-15)?
False
Suppose 11 = s - 3*q, -23 = -4*s + 9*q - 4*q. Suppose 42 = 2*r + w, s*r - 45 = 3*w - 11. Is 10 a factor of r?
True
Let n = 1921 + -1607. Is n a multiple of 2?
True
Is 10 a factor of 28004/16 - (68/16 + -4)?
True
Suppose 345 = -9*h + 1155. Is 6 a factor of h?
True
Let b(h) = 13*h + 381. Does 28 divide b(-25)?
True
Let w be (-14)/3 - (-4)/6. Is 24 a factor of (-36)/w*-2*-4?
True
Let y(k) = 2*k + 3*k**3 - 4 - 5*k**2 - 2*k**3 + 7*k**2. Let z(m) = 2*m**3 + 3*m**2 + 5*m - 9. Let j(r) = -9*y(r) + 4*z(r). Is 7 a factor of j(-7)?
True
Let z(v) be the first derivative of -v**4/4 + 5*v**3/3 + v**2 - 3*v - 3. Let o be z(-3). Does 12 divide (24/(-14))/((-6)/o)?
False
Suppose -3*r = 28*x - 25*x - 264, -182 = -2*x - 5*r. Is 17 a factor of x?
False
Does 59 divide (-4)/(-56)*2 + (-158535)/(-105)?
False
Suppose -3*h = 4*q + h - 24, -4*q - h + 21 = 0. Let v = q + -12. Let k(u) = -7*u - 15. Is k(v) a multiple of 15?
False
Suppose -p = 3*p - 48. Let x = p - 7. Is 14 a factor of 48/(-80) - (-133)/x?
False
Let u(f) = f**3 + 5*f**2 - 18*f - 24. Let h be u(-7). Let j = 2 + 0. Suppose 0 = -5*v - r + 48, v + h*r - 3 = j*v. Is v a multiple of 9?
True
Let b(w) = 23*w + 3. Let d be b(-3). Let q = 11 - d. Is 11 a factor of q?
True
Suppose 4*c - 2*j = -6, 4*j = 3*j + 3. Let t be (-3)/(-6)*-14 + c. Does 2 divide 35/10*(-12)/t?
True
Let z(p) = -4*p**3 + 4*p**2 + 9*p - 15. Is z(-5) a multiple of 45?
True
Suppose 0 = 2*s + 442 - 1088. Suppose 13 = -4*h - s. Does 14 divide 2/(3*(-2)/h)?
True
Let d = 290 - -736. Does 27 divide d?
True
Suppose 0 = -3*i - 789 - 264. Let p = -231 - i. Is p a multiple of 24?
True
Let y be (-22)/(-99) + 79/9. Is 12 a factor of (22710/27)/5 + (-2)/y?
True
Suppose -5*q + 0*q + 25 = 0. Let h = -178 + 182. Suppose -h*y = 0, 2*l - 58 = q*y - 24. Is 17 a factor of l?
True
Let m(k) = -12*k - 6. Is m(-38) a multiple of 6?
True
Let l(x) = -21*x - 175. Is 38 a factor of l(-21)?
True
Let g = 5 + 18. Let b = g - 20. Is b even?
False
Suppose 5*j - 4*z - 4152 = 0, -3*z - 696 + 2343 = 2*j. Is 23 a factor of j?
True
Suppose 4*n + 449 = -39. Suppose -3*q - 144 = 3*j, -3*j = 5*q - 2*j + 220. Let r = q - n. Is 12 a factor of r?
False
Let a = 1008 + -668. Does 20 divide a?
True
Is 7/(-70)*-1354 + 2/(-5) a multiple of 5?
True
Let h be (-7)/(-1) + (-8 - (-